e n(1).
93
Let n(l) = -l**3 + l**2 + l - 8. What is n(0)?
-8
Let w(y) = y**3 + 10*y**2 + 8*y + 6. What is w(-9)?
15
Let d(f) = -5*f + 101. Calculate d(20).
1
Let g(h) = -h**2 + h + 2. Give g(-4).
-18
Let h(j) = -2*j**2 - 11*j + 8. Calculate h(-7).
-13
Let y(m) = -m**3 - 3*m**2 + m + 3. What is y(-4)?
15
Let z(q) = -4*q + 16. Calculate z(6).
-8
Let x(d) = -d**2 + 26*d - 106. Determine x(5).
-1
Let t(u) = 30*u - 173. What is t(7)?
37
Let g(x) = 2*x + 12. What is g(-12)?
-12
Let i(a) = -8*a**2 + 8*a + 4. Calculate i(-3).
-92
Let s(g) = -g**2 - 30*g - 63. Calculate s(-28).
-7
Let j(d) = d**2 - 11*d + 7. Give j(7).
-21
Let u(t) = -t**3 - 28*t**2 + 27*t + 57. Determine u(-29).
115
Let u(x) = -x**2 - 3*x - 22. Calculate u(-9).
-76
Let o(m) = 6*m - 9. Calculate o(3).
9
Let z(u) = 11*u - 64. Give z(6).
2
Let q(g) = 2*g**3 - 42*g**2 - 2*g + 48. Calculate q(21).
6
Let d(w) = -w**3 + 5*w**2 + 9*w - 3. Determine d(6).
15
Let h(g) = g**2 + 19*g + 30. Calculate h(-17).
-4
Let l(w) = 4*w + 18. Determine l(-9).
-18
Let k(v) = -7*v**2 - 2*v + 10. Give k(2).
-22
Let f(g) = 2*g**2 - 11*g - 1. What is f(6)?
5
Let b(h) = 18*h**2 - 24*h + 4. Determine b(1).
-2
Let c(h) = 4*h + 33. Determine c(-13).
-19
Let q(k) = -k + 42. What is q(0)?
42
Let c(s) = -s**3 + 4*s**2 + 8*s - 7. Determine c(5).
8
Let q(t) = t - 16. Give q(14).
-2
Let k(b) = -2*b**3 + 69*b**2 + 39*b - 101. Give k(35).
39
Let f(a) = -a - 1. Give f(-4).
3
Let x(k) = k + 12. Determine x(5).
17
Let r(p) = p**2 - 5*p + 1. Determine r(6).
7
Let f(s) = 3*s**2 - 33*s - 38. Determine f(11).
-38
Let x(b) = -b**3 + 1. What is x(0)?
1
Let w(a) = 4*a + 40. Give w(-16).
-24
Let q(j) = -j**3 + 13*j**2 + 13*j + 13. Calculate q(14).
-1
Let p(j) = -j**2 + 21*j - 72. Calculate p(17).
-4
Let o(i) = 146*i + 871. What is o(-6)?
-5
Let m(h) = 10*h - 10. Give m(4).
30
Let g(l) = l**2 - 17*l + 70. Give g(12).
10
Let m(q) = q**2 - 8*q + 20. What is m(6)?
8
Let n(p) = p**2 - 8*p + 30. What is n(3)?
15
Let v(k) = -3*k + 22. Give v(6).
4
Let d(c) = 5*c - 3. Calculate d(-5).
-28
Let y(g) = -g + 10. Calculate y(5).
5
Let g(v) = 3*v - 13. Give g(6).
5
Let h(u) = -2*u + 5. Determine h(12).
-19
Let h(v) = -12*v + 57. Calculate h(5).
-3
Let d(i) = -99*i + 492. Give d(5).
-3
Let q(k) = k**2 - 6*k - 3. Determine q(4).
-11
Let r(g) = -g**3 + 8*g**2 - 12*g - 1. Give r(6).
-1
Let s(z) = z**3 + z**2 - 10*z - 19. Calculate s(-4).
-27
Let y(f) = 37*f**2 - 4*f - 5. What is y(-1)?
36
Let y(s) = s**3 + 6*s**2 + 14*s + 9. Calculate y(-6).
-75
Let c(x) = x**3 + 11*x**2 + 11*x - 12. Determine c(-10).
-22
Let o(u) = 24*u**2 - 3*u - 3. Give o(2).
87
Let x(l) = -l + 5. What is x(-3)?
8
Let z(r) = r**2 + 14*r + 1. Give z(-16).
33
Let f(o) = -2*o + 22. Give f(11).
0
Let q(d) = 2*d**3 + 16*d**2 - 3*d - 27. Calculate q(-8).
-3
Let m(b) = 27*b - 181. Give m(7).
8
Let l(j) = 3*j + 12. Give l(13).
51
Let d(j) = 9*j + 5. Give d(-3).
-22
Let o(x) = 3*x + 11. Give o(-4).
-1
Let d(s) = 13*s + 8. Determine d(-2).
-18
Let i(d) = d**3 - 9*d**2 - 2*d + 21. What is i(9)?
3
Let v(l) = -2*l**2 - 5*l - 5. Calculate v(-2).
-3
Let i(s) = 9*s + 17. Calculate i(-4).
-19
Let s(y) = -y**3 - 55*y**2 - 104*y + 119. Determine s(-53).
13
Let t(z) = z**3 - 6*z**2 - 3*z. What is t(6)?
-18
Let v(k) = 2*k**2 + 14*k + 16. Give v(-5).
-4
Let z(h) = 19*h**3 + 3*h**2 - 2. What is z(1)?
20
Let z(n) = n**2 + 6*n - 12. Determine z(-7).
-5
Let z(n) = -5*n + 39. Determine z(6).
9
Let l(v) = v**3 - 3*v**2 - 19*v + 30. Calculate l(4).
-30
Let g(m) = 2*m + 37. What is g(-18)?
1
Let o(i) = i**2 - 42*i + 217. Calculate o(36).
1
Let y(i) = -i**3 - 32*i**2 + 33*i - 1. Give y(-33).
-1
Let c(l) = -l**3 - 8*l**2 + 4*l + 18. Give c(-8).
-14
Let t(w) = -4*w - 14. Determine t(-6).
10
Let x(s) = s**2 - 7*s - 6. Calculate x(-5).
54
Let s(t) = -2*t**3 + 8*t**2 - 16*t + 4. What is s(5)?
-126
Let s(r) = r**3 - 4*r**2 - 5*r + 8. Give s(5).
8
Let p(q) = -2*q + 2. Give p(-3).
8
Let r(x) = 4*x**2 + 49*x - 29. Calculate r(-13).
10
Let j(o) = -o**2 + 30*o + 14. Determine j(31).
-17
Let t(h) = -h**2 + 45*h - 78. What is t(43)?
8
Let d(q) = 3*q + 16. What is d(-10)?
-14
Let t(a) = 109*a - 980. Calculate t(9).
1
Let j(c) = 12*c - 181. Calculate j(15).
-1
Let v(p) = p + 44. Give v(-17).
27
Let z(f) = f**3 + 9*f**2 + 9*f + 2. Calculate z(-8).
-6
Let u(l) = 4*l - 37. Calculate u(12).
11
Let f(w) = -4*w**2 - 5*w + 5. Calculate f(-4).
-39
Let c(z) = 3*z**2 - 19*z - 115. What is c(10)?
-5
Let b(m) = 103*m - 731. What is b(7)?
-10
Let i(y) = 4*y - 23. What is i(0)?
-23
Let n(f) = 2*f**2 + 20*f + 28. What is n(-9)?
10
Let w(r) = 20*r + 121. Determine w(-5).
21
Let r(g) = 3*g**2 - g + 1. Determine r(1).
3
Let b(r) = r**3 - 15*r**2 + 11*r + 65. Determine b(14).
23
Let t(w) = -10*w - 7. Give t(-1).
3
Let o(b) = 3*b**2 - 18*b + 17. Determine o(5).
2
Let t(n) = n**2 + 11*n - 43. Calculate t(-14).
-1
Let a(c) = -c**3 + 31*c**2 - 29*c - 27. Calculate a(30).
3
Let r(m) = -m**2 + 10*m - 7. Determine r(9).
2
Let n(d) = -4*d + 86. What is n(5)?
66
Let g(r) = 15*r - 25. Determine g(2).
5
Let h(j) = j**2 - 17*j + 45. What is h(14)?
3
Let g(m) = -m**3 + 7*m**2 + m - 1. Calculate g(7).
6
Let m(v) = 76*v**2 - 3*v - 1. What is m(-1)?
78
Let u(a) = a**3 + 22*a**2 - 49*a - 23. Calculate u(-24).
1
Let t(r) = -3*r**2 + 95*r - 33. Determine t(32).
-65
Let x(q) = 11*q**2 - 10*q + 5. What is x(2)?
29
Let g(p) = 4*p + 17. Calculate g(-5).
-3
Let u(o) = -o - 33. What is u(6)?
-39
Let m(z) = z**3 + 8*z**2 + 7. What is m(-6)?
79
Let a(u) = -45*u**2 - 2*u + 2. Give a(1).
-45
Let f(g) = -g**3 - 7*g**2 - g + 16. What is f(-7)?
23
Let g(q) = q**3 + 10*q**2 + 5*q - 2. Give g(-9).
34
Let w(o) = 5*o + 42. Determine w(-9).
-3
Let n(t) = -t + 11. Determine n(0).
11
Let h(j) = 5*j**3 + 6*j**2 + 9*j + 4. Give h(-2).
-30
Let y(p) = -p**3 + p**2 - p - 16. Give y(0).
-16
Let i(o) = o**2 + 6*o - 9. Determine i(-11).
46
Let h(l) = 2*l**2 - 22*l + 11. What is h(11)?
11
Let a(d) = d**3 - 9*d**2 + 17*d - 5. Calculate a(6).
-11
Let d(g) = g**3 + 14*g**2 - g + 2. Give d(-14).
16
Let v(y) = -y**2 + 13*y - 10. What is v(12)?
2
Let g(x) = x**3 - x**2 - x - 8. Determine g(0).
-8
Let c(l) = 4*l**2 + 17*l + 16. Calculate c(-1).
3
Let q(a) = -3*a**2 + a + 1. What is q(-2)?
-13
Let b(k) = -k**2 - 25*k - 57. Give b(-20).
43
Let v(c) = c - 5. What is v(4)?
-1
Let u(v) = v**2 + 35*v + 66. Determine u(-30).
-84
Let j(x) = -2*x - 42. What is j(-19)?
-4
Let c(f) = 23*f - 429. Calculate c(19).
8
Let c(w) = w - 52. Determine c(0).
-52
Let f(a) = -a**2 - a + 1. Calculate f(-2).
-1
Let r(f) = f**2 - f + 25. Determine r(0).
25
Let k(q) = q**2 - 13*q - 1. Give k(16).
47
Let k(n) = n**2 + 10*n - 45. What is k(-13)?
-6
Let x(l) = -2*l**2 - 2*l - 4. What is x(3)?
-28
Let z(t) = 6*t + 7. What is z(-3)?
-11
Let b(v) = -15*v - 3. Give b(2).
-33
Let h(z) = -3*z + 2. What is h(5)?
-13
Let q(p) = -17*p - 481. Give q(-28).
-5
Let f(t) = t**2 + 6*t - 8. Calculate f(-8).
8
Let f(t) = 7*t - 16. Determine f(-2).
-30
Let p(n) = 2*n + 5. Calculate p(6).
17
Let t(n) = -n**2 - 39*n + 612. Calculate t(12).
0
Let k(m) = 2*m**3 - 28*m**2 + 43*m + 61. Determine k(12).
1
Let o(j) = -j**3 + 10*j**2 + 12*j + 4. What is o(11)?
15
Let b(g) = -127*g + 392. Give b(3).
11
Let k(j) = j**2 - 6*j + 9. Give k(5).
4
Let x(p) = p**2 + 15*p + 11. Give x(-6).
-43
Let w(i) = i**3 - 2*i + 4. What is w(2)?
8
Let c(m) = m**3 - 12*m**2 + 13*m - 16. What is c(11)?
6
Let b(n) = -2*n**3 - 2*n**2 - 2*n + 3. Determine b(-3).
45
Let y(a) = -a**3 - 24*a**2 + a + 38. Determine y(-24).
14
Let d(b) = 2*b**3 - 29*b**2 + 20*b + 9. Calculate d(14).
93
Let n(d) = -d + 31. Calculate n(28).
3
Let o(b) = -b**2 - 3*b + 2. Calculate o(-2).
4
Let k(l) = 15*l + 95. What is k(-5)?
20
Let x(t) = t**2 - 5*t + 1. Calculate x(6).
7
Let t(h) = h**3 - 18*h**2 - h + 3. Calculate t(18).
-15
Let k(i) = i + 49. Give k(-4).
45
Let m(q) = -17*q - 128. What is m(-8)?
8
Let g(i) = -2*i**2 + 6*i + 3. Determine g(5).
-17
Let c(d) = -8*d - 87. Give c(-9).
-15
Let z(k) = -k - 24. What is z(-15)?
-9
Let q(k) = k**3 - 4*k - 6. Give q(-2).
-6
Let w(y) = 5*y**3 - y**2 + y - 1. What is w(1)?
4
Let d(s) = -s**2 + 12*s - 14. Determine d(12).
-14
Let y(r) = -r**2 - 28*r - 32. What is y(-27)?
-5
Let u(v) = 3*v - 61. Calculate u(10).
-31
Let o(x) = x**3 - 3*x**2 + 69. What is o(0)?
69